{"id":158,"date":"2022-10-19T11:36:46","date_gmt":"2022-10-19T10:36:46","guid":{"rendered":"http:\/\/www.dschahli.de\/?page_id=158"},"modified":"2022-10-19T19:44:08","modified_gmt":"2022-10-19T18:44:08","slug":"one-page-express","status":"publish","type":"page","link":"http:\/\/www.dschahli.de\/","title":{"rendered":"Home"},"content":{"rendered":"<div  id=\"overlapable-2\" style=\"background-color: #ffffff;\" data-label=\"Overlapable\" data-id=\"stripped-coloured-icon-boxes\" data-category=\"overlapable\" class=\"features-coloured-icon-boxes-section\" data-overlap=\"true\">\n<div  class=\"gridContainer\">\n<div  class=\"features-coloured-icon-boxes-innerrow flexbox-list dark-text\" data-type=\"row\">\n<div  class=\"features-coloured-icon-boxes-featurecol cp3cols\">\n<h4  class=\"\">Erfahrener Pianist<\/h4>\n<img decoding=\"async\"  class=\"custom-image\" src=\"http:\/\/www.dschahli.de\/blog\/wp-content\/uploads\/2022\/10\/1.png\" alt=\"\">\n<p  class=\"\">Als Solo-Pianist, mit seiner Jazz-Combo \u201eSwinging Five\u201c oder in wechselnden Duo-Besetzungen bereichert dschahli jeden musikalischen Anlass, egal ob als Konzert oder stilvolle Begleitung.<\/p>\n\n<div  class=\"spacer\" data-type=\"group\"><span  class=\"fa before\"><\/span><i  class=\"fa fa-angle-double-down\"><\/i><span  class=\"fa after\"><\/span><\/div>\n\n\n<\/div>\n<div  class=\"features-coloured-icon-boxes-featurecol cp3cols\">\n<h4  class=\"\">Einpr\u00e4gsamer S\u00e4nger<\/h4>\n<img decoding=\"async\"  class=\"custom-image\" src=\"http:\/\/www.dschahli.de\/blog\/wp-content\/uploads\/2022\/10\/vernissage-dettelbach.091009-041-scaled.jpg\" alt=\"\">\n<p  class=\"\">Eine authentische und unverf\u00e4lschte Stimme, in vielen Jahren Chorarbeit und Chorleitung ausgepr\u00e4gt, macht jede vokalistische Darstellung von dschahli zu einem Erlebnis.<\/p>\n\n<div  class=\"spacer\" data-type=\"group\"><span  class=\"fa before\"><\/span><i  class=\"fa fa-angle-double-down\"><\/i><span  class=\"fa after\"><\/span><\/div>\n\n\n<\/div>\n<div  class=\"features-coloured-icon-boxes-featurecol cp3cols\">\n<h4  class=\"\">Einzigartiger Rezitator<\/h4>\n<img decoding=\"async\"  class=\"custom-image\" src=\"http:\/\/www.dschahli.de\/blog\/wp-content\/uploads\/2022\/10\/vernissage-dettelbach.091009-054-scaled.jpg\" alt=\"\">\n<p  class=\"\">Von Georg Kreisler, \u00fcber Erich K\u00e4ster bis zu Heinrich Karl. Dschahli ist ein Meister der satirischen Rezitation und sorgt nicht selten f\u00fcr herzliche und dennoch \u00fcberlegt Lacher.<\/p>\n\n<div  class=\"spacer\" data-type=\"group\"><span  class=\"fa before\"><\/span><i  class=\"fa fa-angle-double-down\"><\/i><span  class=\"fa after\"><\/span><\/div>\n\n\n<\/div>\n<\/div>\n<\/div>\n<\/div><div  id=\"about-1\" style=\"background-color: #f6f6f6;\" data-label=\"About\" data-id=\"about-big-images-section\" data-category=\"about\" class=\"about-big-images-section\">\n<div  class=\"gridContainer\">\n<div  class=\"about-big-images-textrow\">\n<div  class=\"about-big-images-textcol dynamic-color\" data-type=\"column\">\n<h5  class=\"\">Pianist, S\u00e4nger, Rezitator<\/h5>\n<h3  class=\"\">\u201eVielf\u00e4ltig, unterhaltsam und einfach unverwechselbar.\u201c<\/h3>\n<p  class=\"\">Heinrich \u201eder dschahli\u201c Karl verbindet in seiner au\u00dfergew\u00f6hlich gew\u00f6hnlichen Art den atypischen Entertainer mit musikalischer Leichtigkeit und bissiger Satire. In jeder Hinsicht ein Erlebnis.<\/p>\n \n\n<\/div>\n<\/div>\n<\/div>\n<div  class=\"about-big-images-bottomrow\">\n<div  class=\"about-big-images-leftimgcol\"><img decoding=\"async\"  class=\"about-big-images-leftimg\" src=\"http:\/\/www.dschahli.de\/blog\/wp-content\/uploads\/2022\/10\/vernissage-dettelbach.091009-046-scaled.jpg\" alt=\"\"><\/div>\n<div  class=\"about-big-images-centerimgcol\"><img decoding=\"async\"  class=\"about-big-images-centerimg\" src=\"http:\/\/www.dschahli.de\/blog\/wp-content\/uploads\/2022\/10\/vernissage-dettelbach.091009-079-scaled.jpg\" alt=\"\"><\/div>\n<div  class=\"about-big-images-rightimgcol\"><img decoding=\"async\"  class=\"about-big-images-rightimg\" src=\"http:\/\/www.dschahli.de\/blog\/wp-content\/uploads\/2022\/10\/vernissage-dettelbach.091009-069-scaled.jpg\" alt=\"\"><\/div>\n<\/div>\n<\/div><div  id=\"content-3\" style=\"background-color: #ffffff;\" data-label=\"Content\" data-id=\"content-image-left\" data-category=\"content\" class=\"content-left-image-section\">\n<div  class=\"gridContainer\">\n<div  class=\"row\">\n<div  class=\"content-left-image-imgcol\" data-type=\"column\"> <img decoding=\"async\"  src=\"http:\/\/www.dschahli.de\/blog\/wp-content\/uploads\/2022\/10\/Design-ohne-Titel-29.png\" class=\"\" alt=\"\"><\/div>\n<div  class=\"content-left-image-textcol dynamic-color\" data-type=\"column\">\n<h2  class=\"\">Kreisler, K\u00e4stner, Karl \u2026was sonst, au\u00dfer pure Unterhaltung?<\/h2>\n<p  class=\"large_text\"> Kreislers \u201ealte b\u00f6se Lieder\u201c (Sie wissen doch, wie das \u201eTaubenvergiften\u201c klingt?), mal rau, mal zart und eigentlich immer irgendwie garstig , wechseln sich ab mit Texten von Erich K\u00e4stner. DAS ist mehr als sehenwert und so sicher einzigartig.\n<br >20. November 2022, 17 Uhr im Historisches Pfarrhaus Wiesentheid, Vorverkauf: 10 Euro, Abendkasse: 12 Euro, Vorverkauf im Rathaus Wiesentheid und unter 0178-1901952<\/p>\n \n\n<\/div>\n<\/div>\n<\/div>\n<\/div><div  id=\"content-4\" style=\"background-color: #f6f6f6;\" data-label=\"Content\" data-id=\"content-image-right\" data-category=\"content\" class=\"content-right-image-section\">\n<div  class=\"gridContainer\">\n<div  class=\"content-right-image-gridcol\">\n<div  class=\"content-right-image-textcol dynamic-color\" data-type=\"column\">\n<h2  class=\"\">Nimm F\u00fcnf \u2013 grooviger Jazz vom Feinsten<\/h2>\n<p  class=\"large_text\"> Eine Hand voll Pauker jazzen bis jeder Fu\u00df mitwippt. \u201eSwinging Five\u201c, die Jazzcombo von gleich um die Ecke, mit Musikern aus Kitzingen, Dettelbach, Astheim, Wiesentheid und W\u00fcrzburg.<\/p>\n \n\n<\/div>\n<div  class=\"content-right-image-imgcol\" data-type=\"column\"> <img decoding=\"async\"  src=\"http:\/\/www.dschahli.de\/blog\/wp-content\/uploads\/2022\/10\/Design-ohne-Titel-28.png\" class=\"\" alt=\"\"><\/div>\n<\/div>\n<\/div>\n<\/div>","protected":false},"excerpt":{"rendered":"<p>Erfahrener Pianist Als Solo-Pianist, mit seiner Jazz-Combo \u201eSwinging Five\u201c oder in wechselnden Duo-Besetzungen bereichert dschahli jeden musikalischen Anlass, egal ob als Konzert oder stilvolle Begleitung. Einpr\u00e4gsamer S\u00e4nger Eine authentische und unverf\u00e4lschte Stimme, in vielen Jahren Chorarbeit und Chorleitung ausgepr\u00e4gt, macht jede vokalistische Darstellung von dschahli zu einem Erlebnis. Einzigartiger Rezitator Von Georg Kreisler, \u00fcber Erich&hellip; <br \/> <a class=\"button small blue\" href=\"http:\/\/www.dschahli.de\/?p=1\">Weiterlesen<\/a><\/p>\n","protected":false},"author":1,"featured_media":0,"parent":0,"menu_order":0,"comment_status":"closed","ping_status":"closed","template":"","meta":[],"_links":{"self":[{"href":"http:\/\/www.dschahli.de\/index.php?rest_route=\/wp\/v2\/pages\/158"}],"collection":[{"href":"http:\/\/www.dschahli.de\/index.php?rest_route=\/wp\/v2\/pages"}],"about":[{"href":"http:\/\/www.dschahli.de\/index.php?rest_route=\/wp\/v2\/types\/page"}],"author":[{"embeddable":true,"href":"http:\/\/www.dschahli.de\/index.php?rest_route=\/wp\/v2\/users\/1"}],"replies":[{"embeddable":true,"href":"http:\/\/www.dschahli.de\/index.php?rest_route=%2Fwp%2Fv2%2Fcomments&post=158"}],"version-history":[{"count":7,"href":"http:\/\/www.dschahli.de\/index.php?rest_route=\/wp\/v2\/pages\/158\/revisions"}],"predecessor-version":[{"id":273,"href":"http:\/\/www.dschahli.de\/index.php?rest_route=\/wp\/v2\/pages\/158\/revisions\/273"}],"wp:attachment":[{"href":"http:\/\/www.dschahli.de\/index.php?rest_route=%2Fwp%2Fv2%2Fmedia&parent=158"}],"curies":[{"name":"wp","href":"https:\/\/api.w.org\/{rel}","templated":true}]}}