{"id":13,"date":"2010-02-27T21:44:53","date_gmt":"2010-02-27T20:44:53","guid":{"rendered":"http:\/\/dschahli.de\/blog\/?page_id=13"},"modified":"2022-10-19T19:51:09","modified_gmt":"2022-10-19T18:51:09","slug":"impressum","status":"publish","type":"page","link":"http:\/\/www.dschahli.de\/?page_id=13","title":{"rendered":"Impressum"},"content":{"rendered":"<div>\n<div>\n<p><strong><em>Anbieter: <\/em><\/strong><\/p>\n<p>Heinrich Karl<\/p>\n<p>Eisenbergringstra\u00dfe 2a<\/p>\n<p>97353 Wiesentheid<\/p>\n<p><strong><em>Kontakt:<\/em><\/strong><\/p>\n<p>Telefon: 09383\/7436<\/p>\n<p>e-Mail: dschahli.hk@gmail.com<\/p>\n<p>Website: www.dschahli.de<\/p>\n<p><strong><em>Konzeption &amp; Umsetzung:<\/em><\/strong><\/p>\n<p>Heinrich Karl &amp; Sebastian Karl<\/p>\n<p><strong><em> <\/em><\/strong><\/p>\n<p><strong><em>Fotos:<\/em><\/strong><br \/>\nFotos durch Heinrich Karl<\/p>\n<p><strong><em>Haftungshinweis:<\/em><\/strong><\/p>\n<p>Trotz sorgf\u00e4ltiger inhaltlicher Kontrolle \u00fcbernehme ich keine Haftung  f\u00fcr die Inhalte externer Links. F\u00fcr den Inhalt der verlinkten Seiten  sind ausschlie\u00dflich deren Betreiber verantwortlich.<\/p>\n<p>Alle verwendeten Medieninhalte \u2013 einschlie\u00dflich s\u00e4mtlicher Bilder \u2013  unterliegen dem Copyright und d\u00fcrfen nicht ohne Genehmigung des  Webseitenbetreibers verwendet werden.<\/p>\n<p><strong><em>Allgemeine Datenschutzerkl\u00e4rung:<\/em><\/strong><\/p>\n<p>Durch die Nutzung unserer Website erkl\u00e4ren Sie sich mit der Erhebung, Verarbeitung und Nutzung von Daten gem\u00e4\u00df der nachfolgenden Beschreibung einverstanden. Unsere Website kann grunds\u00e4tzlich ohne Registrierung besucht werden. Dabei werden Daten wie beispielsweise aufgerufene Seiten bzw. Namen der abgerufenen Datei, Datum und Uhrzeit zu statistischen Zwecken auf dem Server gespeichert, ohne dass diese Daten unmittelbar auf Ihre Person bezogen werden. Personenbezogene Daten, insbesondere Name, Adresse oder E-Mail-Adresse werden soweit m\u00f6glich auf freiwilliger Basis erhoben. Ohne Ihre Einwilligung erfolgt keine Weitergabe der Daten an Dritte.<\/p>\n<p><strong><em>Datenschutzerkl\u00e4rung f\u00fcr Cookies:<\/em><\/strong><\/p>\n<p>Unsere Website verwendet Cookies. Das sind kleine Textdateien, die es m\u00f6glich machen, auf dem Endger\u00e4t des Nutzers spezifische, auf den Nutzer bezogene Informationen zu speichern, w\u00e4hrend er die Website nutzt. Cookies erm\u00f6glichen es, insbesondere Nutzungsh\u00e4ufigkeit und Nutzeranzahl der Seiten zu ermitteln, Verhaltensweisen der Seitennutzung zu analysieren, aber auch unser Angebot kundenfreundlicher zu gestalten. Cookies bleiben \u00fcber das Ende einer Browser-Sitzung gespeichert und k\u00f6nnen bei einem erneuten Seitenbesuch wieder aufgerufen werden. Wenn Sie das nicht w\u00fcnschen, sollten Sie Ihren Internetbrowser so einstellen, dass er die Annahme von Cookies verweigert.<\/p>\n<\/div>\n<\/div>\n","protected":false},"excerpt":{"rendered":"<p>Anbieter: Heinrich Karl Eisenbergringstra\u00dfe 2a 97353 Wiesentheid Kontakt: Telefon: 09383\/7436 e-Mail: dschahli.hk@gmail.com Website: www.dschahli.de Konzeption &amp; Umsetzung: Heinrich Karl &amp; Sebastian Karl Fotos: Fotos durch Heinrich Karl Haftungshinweis: Trotz sorgf\u00e4ltiger inhaltlicher Kontrolle \u00fcbernehme ich keine Haftung f\u00fcr die Inhalte externer Links. F\u00fcr den Inhalt der verlinkten Seiten sind ausschlie\u00dflich deren Betreiber verantwortlich. Alle verwendeten Medieninhalte&hellip; <br \/> <a class=\"button small blue\" href=\"http:\/\/www.dschahli.de\/?page_id=13\">Weiterlesen<\/a><\/p>\n","protected":false},"author":1,"featured_media":0,"parent":0,"menu_order":0,"comment_status":"closed","ping_status":"open","template":"","meta":[],"_links":{"self":[{"href":"http:\/\/www.dschahli.de\/index.php?rest_route=\/wp\/v2\/pages\/13"}],"collection":[{"href":"http:\/\/www.dschahli.de\/index.php?rest_route=\/wp\/v2\/pages"}],"about":[{"href":"http:\/\/www.dschahli.de\/index.php?rest_route=\/wp\/v2\/types\/page"}],"author":[{"embeddable":true,"href":"http:\/\/www.dschahli.de\/index.php?rest_route=\/wp\/v2\/users\/1"}],"replies":[{"embeddable":true,"href":"http:\/\/www.dschahli.de\/index.php?rest_route=%2Fwp%2Fv2%2Fcomments&post=13"}],"version-history":[{"count":7,"href":"http:\/\/www.dschahli.de\/index.php?rest_route=\/wp\/v2\/pages\/13\/revisions"}],"predecessor-version":[{"id":134,"href":"http:\/\/www.dschahli.de\/index.php?rest_route=\/wp\/v2\/pages\/13\/revisions\/134"}],"wp:attachment":[{"href":"http:\/\/www.dschahli.de\/index.php?rest_route=%2Fwp%2Fv2%2Fmedia&parent=13"}],"curies":[{"name":"wp","href":"https:\/\/api.w.org\/{rel}","templated":true}]}}